l(m).
19
Let b(i) be the first derivative of -i**3/3 - 3*i**2/2 + 3*i - 1. Let g be (-3)/6 - 6/(-4). Suppose -4*h = 3*q + g, -4*q + 12 = -8*q. Calculate b(h).
-7
Let y(i) = -11*i + 8*i**2 + i**3 + 5 - 3*i**2 + 7*i. Give y(-6).
-7
Let n = -154 - -152. Let v(g) = -g**2 + g - 1. Let w(z) = z**2 + 6*z. Let f(h) = 2*v(h) - w(h). Give f(n).
-6
Let w(o) = o - 6. Let m be w(7). Let f(k) = 0 + m - 5 + k + 2. Determine f(-5).
-7
Let x(b) = b**3 - 6*b**2 + 5*b + 6. Suppose 0 = -6*k - 1 + 31. What is x(k)?
6
Let t(j) = -j**3 - 5*j**2 + j - 1. Let r(v) = -v**3 + v - 1. Let s(l) = 2*r(l) - t(l). Let y = 14 + -9. Let k be s(y). Let a(f) = -2*f + 5. Give a(k).
-3
Let i(r) be the first derivative of -2*r**2 - 2*r + 2. Give i(-4).
14
Let u(h) = h**3 - 4*h**2 + h + 5. Suppose 0 = -3*i + 3*x, -2*i = -5*x + 9 + 3. Give u(i).
9
Let a(i) = 8 - 2*i + 10 - 18. Let g(v) = -3*v. Let x(d) = 4*a(d) - 3*g(d). Suppose -1 = -4*c - 5*q, 5*c + 4*q = -3 - 7. What is x(c)?
-6
Let p be 5/3 + (-4)/6. Let v(y) = -9*y + p - 3*y**2 + 9*y - 2*y**2. Give v(1).
-4
Let t(o) = -o**2 + 6*o. Let x(v) = -v**2 - 6*v. Let q be x(-5). What is t(q)?
5
Suppose h + 0 = 2. Let d(c) = c**3 - 5*c**2 + c + 1. Let s(a) = a**3 - 5*a**2 + 2*a. Let g(t) = h*d(t) - 3*s(t). What is g(4)?
2
Let q(i) = 5*i + 2. Let a be (-15)/(-6) - 1/2. What is q(a)?
12
Let p(m) = -2*m + 3. Let s(j) = -j**2 + 1. Let o(i) = i**2 - i - 3. Let k(d) = -o(d) - 2*s(d). Let t be k(0). Let x be ((-3)/(-2))/(t/(-2)). Determine p(x).
9
Suppose 24 = 5*t - 3*t + 3*p, 0 = 4*t - 4*p - 8. Let h(r) = -2 + 1 + r**3 + 5*r**2 - 5 - t*r. Calculate h(-6).
-6
Let p(r) = 4*r + 2. Let u = 7 - 10. Determine p(u).
-10
Let f = -5 - -5. Let u(g) be the third derivative of f + 0*g + 3*g**2 + 0*g**3 + 1/12*g**4. Calculate u(2).
4
Suppose -2 + 4 = -m. Let y be (4 - 4)/(4/m). Let g(z) = 5*z + 6. Let a(r) = 6*r + 6. Let j(u) = 4*a(u) - 5*g(u). Calculate j(y).
-6
Let j(o) = o + 2. Let s(a) = 4*a + 6. Let x(f) = 2*j(f) - s(f). Let n be ((-2)/4)/((-1)/4). Suppose -4*h = 2*m + 2*m + 12, n*h - 3 = m. Determine x(m).
4
Let z be 6/(-5)*(-10)/4. Suppose -z*s = -2*s. Let x(g) = -3*g - 4 + g**2 + 0 + s*g. Determine x(3).
-4
Suppose 113 = -17*p - 6. Let j(z) = z**3 + 7*z**2 - z - 10. Calculate j(p).
-3
Let a(v) = -v**2 + 8*v - 7. Suppose -c + 5 = 0, h = c - 3*c + 17. Determine a(h).
0
Let i(j) be the first derivative of 3*j - 2 + 5/3*j**3 - 3*j**2 - 1/4*j**4. Give i(4).
-5
Let t = 7 + -6. Let u(l) = -7*l**2 - 4*l - 1. Let p(z) = 7*z**2 + 5*z + 1. Let q(v) = -4*p(v) - 5*u(v). Give q(t).
8
Let i = 0 + 0. Suppose i = 3*p - 14 - 1. Let g(k) = -1 + 10*k + 2 - 3*k + 0*k**2 - k**2. Give g(p).
11
Let l(v) = v**2 + 5*v - 5. Let h be l(-6). Let p(k) = k + 2 - 6*k**2 + 0*k - h. Let r = 10 - 11. Calculate p(r).
-6
Let q(x) be the first derivative of -x**4/4 + x**3/3 + x**2/2 - x - 4. What is q(1)?
0
Let f be 2 - (-4 + 2) - 0. Let c(k) = k + 1. Let s be c(f). Let q(t) = -t**2 + 5*t + 1. Calculate q(s).
1
Let m(v) be the third derivative of v**6/720 - v**5/60 - 5*v**4/24 - 2*v**2. Let i(u) be the second derivative of m(u). Determine i(-6).
-8
Suppose -2*u - 4 = -4*u. Suppose 0 - 2 = 2*k - 3*h, 0 = 3*k - 4*h + 2. Let v(w) = -8*w**3 + k*w - 5*w**u + 7*w**3 + 4*w**2. Calculate v(2).
-8
Let i(u) be the first derivative of u**3/3 - u**2/2 + 1. Let p(h) = 4*h**2 - 5. Let d(o) = -5*i(o) + p(o). Let k = 6 + -1. Give d(k).
-5
Let i(h) = 122 - 5*h**2 + 4*h**2 - 121 + 2*h. Let u(w) = w**2 - 4*w - 3. Let t be u(5). What is i(t)?
1
Let r(k) = 2*k**2 - 2*k - 11. Let u(m) = m**2 - m - 3. Let s(a) = -r(a) + 3*u(a). Let t = 0 - -1. Let x be (2/(-5))/(t/5). Determine s(x).
8
Let a(p) = -p**3 - 3*p**2 - 2*p - 2. Let t be 28/6 + 8/(-12). Let o = t - 2. Let m = o - 4. Determine a(m).
-2
Let f(g) = g**3 - 5*g**2 + 8*g - 10. Let a be f(4). Let n(w) = 1. Let y(s) = -s - 7. Let i(x) = 5*n(x) + y(x). Determine i(a).
-8
Let h(x) = 0*x**2 - 4*x**2 - 1 + 13*x - 12*x + x**3. Determine h(4).
3
Let z(d) = -3*d - 7. Let s be z(-4). Let o(g) = g**2 - 5*g - 1. Determine o(s).
-1
Let u(r) be the second derivative of -r**5/20 - r**4/3 + r**3/6 + 2*r**2 - 2*r. What is u(-4)?
0
Let i(g) be the second derivative of g**6/360 + g**5/24 + g**4/6 + 2*g**3/3 + 7*g. Let k(d) be the second derivative of i(d). Calculate k(-5).
4
Let o(n) = -n + 3. Let c(i) = 1. Let f(p) = -6*c(p) - o(p). Calculate f(4).
-5
Let g(j) = j**2 - 2*j - 1. Suppose 5*k - 3*k = 10. Suppose 3 = -k*o + 23. Give g(o).
7
Let v = 16 + -10. Let h(g) = -g**3 + 5*g**2 + 6*g - 10. Let t(q) = -3*q**3 + 15*q**2 + 18*q - 31. Let w(p) = -7*h(p) + 2*t(p). Calculate w(v).
8
Let s = -24 - -36. Suppose 5*l + s = l. Let k(w) = -2*w**2 - 5*w - 4. Calculate k(l).
-7
Let z(c) = 4*c**2 - 7*c + 6. Let m(i) = -4*i**2 + 6*i - 5. Let b(o) = -5*m(o) - 4*z(o). Suppose 5*k = k - 24. Let s = 7 + k. Calculate b(s).
3
Let v(n) = 3*n**2 + 8*n + 1. Let m be v(-3). Let d(r) = r + 1. What is d(m)?
5
Let p(x) = -x + 2*x**2 + 7 + 5*x**2 + 7 - 6*x**2. Calculate p(0).
14
Suppose 0 = -5*s - 0 + 10. Let b be -2 + (-2)/s - 5. Let f be (-12)/7 + b/28. Let k(r) = -r**3 - r**2 + 2*r + 3. Give k(f).
3
Let u = 193 + -192. Let g(p) = 35*p**3 - p**2 + 2*p - 1. Give g(u).
35
Let c(t) = -t**2 + t + 2. Let s(v) = -v**3 - 5*v**2 + 8*v + 12. Let o be s(-6). Suppose 5 + 1 = 3*b. Let h be ((-3 - -4)*o)/b. Calculate c(h).
2
Let a(w) = 2*w**3 - 5*w**2 + 3. Let l(i) = -i**3 + 4*i**2 + i - 2. Let d(x) = -2*a(x) - 3*l(x). Calculate d(-2).
6
Let h = 49/2 + -21. Let c(s) be the first derivative of -4 + 0*s + 1/3*s**3 - h*s**2. What is c(5)?
-10
Let f(o) = 3*o - 3. Let s(j) = -j**3 - 9*j**2 + j + 18. Let b(c) = 2*c**3 + 18*c**2 - 2*c - 37. Let x(g) = 6*b(g) + 13*s(g). Let h be x(-9). Determine f(h).
6
Let f(q) be the second derivative of q**4/12 - 7*q**3/6 + 3*q**2 - q. Let y = 19 + -10. Let s = 15 - y. What is f(s)?
0
Let w be -1 - (4 + 24/(-6)). Let d be ((-2)/(-6))/((-3)/(-18)). Let u(o) = -d*o + 0 - o**2 - 1 + 0. Give u(w).
0
Let p(f) = -2*f**2 + f. Let g be -2*4/24*3. Give p(g).
-3
Let o(s) = -6*s**2 + 19*s - 4. Let x(t) = 4*t**2 - 13*t + 3. Let f(n) = -5*o(n) - 7*x(n). Let c = 5 + -2. Determine f(c).
5
Let m(g) = -7*g**3 - 15*g**2 + g - 5. Let i(x) = -11*x**3 - 23*x**2 + 2*x - 8. Let u(d) = 5*i(d) - 8*m(d). Let q be ((-3)/(-2))/(9/(-24)). Determine u(q).
8
Let y(w) = 9*w**3 - 7 - 2*w**3 - 11*w**2 - 6*w**3. What is y(11)?
-7
Let l(g) = g**2 + 10*g - 10. Suppose 4*n = -3*n - 77. Determine l(n).
1
Let v(w) = w**2 + w - 1. Let b(n) = -7*n**2 - 5*n + 10. Let s(q) = -b(q) - 6*v(q). Let a = -3 - 0. What is s(a)?
8
Let o be (1 - -1) + -5 + 6. Let g be -6 + (-3 - -1) + o. Let z(d) = 2*d + 7. Calculate z(g).
-3
Let m be (-192)/(-104) - (-2)/13. Let w(u) = -u**3 + 2*u**2 - 7*u - 5*u**2 + m*u - 3 + 2*u. What is w(-2)?
-1
Let j(g) = -7*g**3 + 3*g**2 - 6*g. Let f(t) = -4*t**3 + t**2 - 3*t. Let m(p) = -5*f(p) + 3*j(p). What is m(2)?
2
Let p = 3 - 3. Suppose -x - 6 = -5*b, -2*b + 4*x - 5*x + 8 = p. Let t(d) = -d - d - d**3 + b*d**2 + 1 + 0*d + 0*d**3. Calculate t(2).
-3
Let u = -2 - -3. Let q(o) = o + 1. Let f(z) = -5*z**3 - z**2 + 6*z + 3. Let j(v) = -f(v) + 4*q(v). Determine j(u).
5
Let x be 0*(3 - (1 + 3)). Let z(l) be the third derivative of 1/24*l**4 + 1/20*l**6 + 0 + x*l + 0*l**3 - 1/60*l**5 + l**2. Determine z(1).
6
Let b be (-2)/((8/18)/(-2)). Let c = b + -4. Let s(v) = 7 - 2*v + 1 + 0*v - 1. What is s(c)?
-3
Let d(q) = q + 1. Let p = 50 + -45. What is d(p)?
6
Let l(j) = -j + 2*j + 11*j. Calculate l(1).
12
Let b(n) = 4*n**2 + 11 + 6*n + 0*n**2 - 5*n**2 - 5. What is b(5)?
11
Let r(c) = -c - 7. Let t be (-112)/(-12) - 4/(-6). Suppose -s - 4*s - t = 0. Let m be (-10)/(s - (-5 + 1)). What is r(m)?
-2
Let y(t) be the second derivative of t**6/120 + t**5/60 - t**4/24 + t**3/6 - 2*t**2 - 4*t. Let m(s) be the first derivative of y(s). Give m(1).
2
Let q = 14 - 11. Let s(j) be the second derivative of 1/2*j**2 + 1/6*j**4 + 1/6*j**q + 0 + j. Determine s(-2).
7
Let p be -2 + 8 + 2 + -4. Let t(k) = k. What is t(p)?
4
Let q(p) = 3*p + p**3 - 37 + 29 + 0*p - 6*p**2. Let k = -7 - -13. Determine q(k).
10
Let k(a) = a**2 + 6*a + 6. Suppose 5*i = -5 - 10. Let o = i + -2. Give k(o).
1
Let r be (14/(-6))/(7/(-21)). Let k(u) = -10 - 7*u - u + r*u. Suppose -p + 4*o = 24 - 7, 3*p + 9 = -2*o. Calculate k(p).
-5
Let h(l) = -2*l + l**3 - l*